What is the thousands digit of 231910?
1
What is the millions digit of 7125922?
7
What is the tens digit of 524443?
4
What is the hundreds digit of 337004?
0
What is the hundred thousands digit of 173651?
1
What is the hundreds digit of 1944981?
9
What is the hundred thousands digit of 387956?
3
What is the tens digit of 1988856?
5
What is the tens digit of 6519507?
0
What is the tens digit of 14523159?
5
What is the tens digit of 4861143?
4
What is the hundreds digit of 54044?
0
What is the ten thousands digit of 3841930?
4
What is the hundreds digit of 347424?
4
What is the thousands digit of 335726?
5
What is the thousands digit of 36433?
6
What is the millions digit of 1614760?
1
What is the hundreds digit of 3419869?
8
What is the hundreds digit of 144352?
3
What is the hundreds digit of 322089?
0
What is the units digit of 184565?
5
What is the thousands digit of 661034?
1
What is the thousands digit of 124194?
4
What is the units digit of 55364?
4
What is the thousands digit of 410196?
0
What is the thousands digit of 1103435?
3
What is the hundred thousands digit of 4316284?
3
What is the ten thousands digit of 494794?
9
What is the tens digit of 18555238?
3
What is the thousands digit of 521403?
1
What is the ten thousands digit of 1054555?
5
What is the ten thousands digit of 3272917?
7
What is the ten thousands digit of 122202?
2
What is the thousands digit of 1098222?
8
What is the hundreds digit of 351509?
5
What is the hundreds digit of 464660?
6
What is the ten millions digit of 10903260?
1
What is the hundred thousands digit of 632557?
6
What is the ten thousands digit of 206532?
0
What is the units digit of 147129?
9
What is the thousands digit of 1770386?
0
What is the ten thousands digit of 413518?
1
What is the tens digit of 87846?
4
What is the units digit of 5647539?
9
What is the hundreds digit of 1628979?
9
What is the millions digit of 11834432?
1
What is the hundred thousands digit of 3754451?
7
What is the units digit of 21789259?
9
What is the ten thousands digit of 199049?
9
What is the hundred thousands digit of 185383?
1
What is the tens digit of 180099?
9
What is the units digit of 2246943?
3
What is the tens digit of 106950?
5
What is the ten thousands digit of 24790?
2
What is the units digit of 492540?
0
What is the hundreds digit of 982957?
9
What is the hundreds digit of 109689?
6
What is the units digit of 330045?
5
What is the units digit of 2139?
9
What is the thousands digit of 238381?
8
What is the hundred thousands digit of 271348?
2
What is the ten millions digit of 22233728?
2
What is the tens digit of 117090?
9
What is the ten thousands digit of 87573?
8
What is the units digit of 4261387?
7
What is the hundreds digit of 9022203?
2
What is the ten thousands digit of 19153?
1
What is the ten thousands digit of 32963201?
6
What is the units digit of 4622060?
0
What is the hundreds digit of 3465618?
6
What is the hundred thousands digit of 11442179?
4
What is the hundreds digit of 1895715?
7
What is the ten thousands digit of 12059704?
5
What is the thousands digit of 90878?
0
What is the hundred thousands digit of 1527950?
5
What is the millions digit of 3557685?
3
What is the ten thousands digit of 96150?
9
What is the hundred thousands digit of 12147258?
1
What is the hundreds digit of 433139?
1
What is the units digit of 460542?
2
What is the units digit of 601228?
8
What is the millions digit of 8607015?
8
What is the ten thousands digit of 3060575?
6
What is the units digit of 421654?
4
What is the thousands digit of 467515?
7
What is the hundreds digit of 8901?
9
What is the millions digit of 8571038?
8
What is the ten thousands digit of 136465?
3
What is the ten thousands digit of 4388947?
8
What is the hundreds digit of 19488409?
4
What is the millions digit of 14893019?
4
What is the thousands digit of 541998?
1
What is the millions digit of 2039987?
2
What is the hundred thousands digit of 341339?
3
What is the hundreds digit of 22099445?
4
What is the thousands digit of 529205?
9
What is the hundreds digit of 241455?
4
What is the hundreds digit of 260047?
0
What is the hundred thousands digit of 578212?
5
What is the thousands digit of 71502?
1
What is the hundreds digit of 406835?
8
What is the ten thousands digit of 10966378?
6
What is the millions digit of 6370408?
6
What is the tens digit of 301249?
4
What is the thousands digit of 34677?
4
What is the thousands digit of 104594?
4
What is the millions digit of 1722917?
1
What is the tens digit of 2353055?
5
What is the hundred thousands digit of 16885237?
8
What is the tens digit of 973580?
8
What is the hundred thousands digit of 146059?
1
What is the units digit of 1545687?
7
What is the tens digit of 15957?
5
What is the thousands digit of 201116?
1
What is the thousands digit of 237938?
7
What is the units digit of 13566837?
7
What is the ten thousands digit of 7307013?
0
What is the hundred thousands digit of 284714?
2
What is the tens digit of 1492513?
1
What is the thousands digit of 1657732?
7
What is the ten thousands digit of 11907835?
0
What is the tens digit of 23085258?
5
What is the units digit of 6443?
3
What is the hundreds digit of 12430359?
3
What is the thousands digit of 285747?
5
What is the ten thousands digit of 1883829?
8
What is the thousands digit of 204376?
4
What is the hundred thousands digit of 124146?
1
What is the millions digit of 16894620?
6
What is the tens digit of 248766?
6
What is the tens digit of 8804887?
8
What is the units digit of 180933?
3
What is the ten thousands digit of 18193?
1
What is the hundred thousands digit of 644889?
6
What is the hundreds digit of 20614233?
2
What is the hundred thousands digit of 1138679?
1
What is the ten thousands digit of 533994?
3
What is the ten thousands digit of 1902715?
0
What is the ten millions digit of 27864242?
2
What is the units digit of 1774735?
5
What is the hundred thousands digit of 277046?
2
What is the units digit of 422224?
4
What is the ten thousands digit of 6635764?
3
What is the thousands digit of 6933224?
3
What is the hundred thousands digit of 931930?
9
What is the tens digit of 7938752?
5
What is the hundreds digit of 108197?
1
What is the hundred thousands digit of 230314?
2
What is the tens digit of 26163557?
5
What is the ten thousands digit of 10440171?
4
What is the units digit of 1133627?
7
What is the thousands digit of 5012377?
2
What is the units digit of 4695043?
3
What is the hundred thousands digit of 132534?
1
What is the hundred thousands digit of 24655026?
6
What is the tens digit of 215811?
1
What is the hundred thousands digit of 8549978?
5
What is the hundred thousands digit of 291337?
2
What is the tens digit of 2237033?
3
What is the tens digit of 8084135?
3
What is the hundreds digit of 19725335?
3
What is the tens digit of 5193?
9
What is the tens digit of 4679863?
6
What is the ten thousands digit of 2644000?
4
What is the hundred thousands digit of 157250?
1
What is the units digit of 23341015?
5
What is the millions digit of 4100111?
4
What is the hundreds digit of 29504022?
0
What is the hundreds digit of 101940?
9
What is the ten thousands digit of 280013?
8
What is the hundred thousands digit of 369752?
3
What is the tens digit of 6902353?
5
What is the hundred thousands digit of 178412?
1
What is the ten thousands digit of 683373?
8
What is the hundred thousands digit of 1605031?
6
What is the hundreds digit of 246932?
9
What is the ten thousands digit of 483123?
8
What is the ten thousands digit of 16397094?
9
What is the thousands digit of 8190441?
0
What is the hundreds digit of 33663?
6
What is the units digit of 36559?
9
What is the millions digit of 4724040?
4
What is the hundred thousands digit of 102150?
1
What is the millions digit of 2325978?
2
What is the ten thousands digit of 586556?
8
What is the millions digit of 7935980?
7
What is the hundreds digit of 76547?
5
What is the hundreds digit of 942442?
4
What is the hundreds digit of 39598?
5
What is the units digit of 239662?
2
What is the millions digit of 3769478?
3
What is the thousands digit of 160981?
0
What is the hundreds digit of 34442836?
8
What is the ten thousands digit of 24900?
2
What is the tens digit of 99289?
8
What is t